me factors of y?
29
Let t(v) = -v - 6. Suppose 0*n = -3*n + 3*i - 30, 2*n + 12 = -2*i. Let a be t(n). Suppose -a = -2*p + 22. List the prime factors of p.
2, 3
Let b be -1 + 0 - 7/(-1). Let m = -7 + 22. Let j = m - b. List the prime factors of j.
3
Suppose -13 = -5*x + 277. What are the prime factors of x?
2, 29
Let s be 5/10 + (-1)/2. Let d be ((-3)/6 - -1)*s. Suppose d = f + 4*c - 3*c + 1, -f - 11 = 3*c. What are the prime factors of f?
2
Suppose -6*x = -2*x + 3*n - 43, -4*n - 6 = -x. Suppose 0 = -x*o + 6*o + 180. What are the prime factors of o?
3, 5
Suppose -5*j = -71 - 254. What are the prime factors of j?
5, 13
Suppose -3*q - 100 = -5*q. Suppose 2*i - q = -i + 4*u, 3*i + u - 55 = 0. What are the prime factors of i?
2, 3
Let f(p) = -7*p**3 - 5*p**2 + p - 4. Let w = -17 - -10. Let r(l) = 8*l**3 + 6*l**2 - l + 4. Let a(x) = w*f(x) - 6*r(x). What are the prime factors of a(0)?
2
Suppose -k + 3*q + 9 = 4*q, -5*k - 4*q = -42. Let a = 12 - k. What are the prime factors of a?
2, 3
Let h = -8 + 12. Suppose 5*z + 2*j = 150, z + 76 = h*z + 4*j. What are the prime factors of z?
2
Let l = 4 + -4. Suppose 57 = 5*c - g, l*c + 3*c = -4*g + 25. What are the prime factors of c?
11
Let d(j) = -4*j**2 + 4*j**2 - j**2 + 9*j - 8. Let y(o) = 2*o**2 - o + 1. Let b be y(2). What are the prime factors of d(b)?
2, 3
Let x be ((-30)/9 - -3)*15. Let v be 1 - x - (1 + -2). Suppose -s + 13 = -3*w, -s + v = -5*w - 12. What are the prime factors of s?
2
Suppose 0 = 4*j + 50 + 26. Let x = j - -44. List the prime factors of x.
5
Let i = 207 - 3. What are the prime factors of i?
2, 3, 17
Let u(d) = -5*d. Let g be u(-1). Suppose -2*t + g + 5 = 0. What are the prime factors of t?
5
Let q be (-3)/18 + (-38)/(-12). Suppose 0 = 3*j - q, -4*j + 5*j + 9 = 5*p. Suppose -5*u - 14 = -5*a + 11, p*a - 4*u = 0. List the prime factors of a.
2, 5
Let b = -15 - -17. List the prime factors of 14*(-3)/(-4 - b).
7
Suppose -4*v + 3*k + 11 = -0, 4*v + 5*k = 3. Let x(i) = 2*i**3 - 3*i**2. List the prime factors of x(v).
2
Let k(u) = -2*u**3 - 8*u**2 - 11*u + 9. List the prime factors of k(-6).
3, 73
Let n(u) = 0 - u**2 + 7*u**3 - 5*u**3 + 1. Let q be n(-1). What are the prime factors of (0 + 0 - 22)/q?
11
Suppose 3*m = 2*h - m - 6, -4*h = -5*m - 12. Suppose -h*a - 2 = 4*t + 2, 0 = 5*t + 4*a + 6. Suppose -p = -t*p + 8. What are the prime factors of p?
2
Suppose -12*x = -541 - 359. List the prime factors of x.
3, 5
Let a = 117 + -90. List the prime factors of a.
3
Let p(h) = h**2 - 5*h + 4. Let l be p(3). Let d be ((-2)/(-3))/(l/(-6)). Suppose -3*q + s + 13 = -2*q, -5*q = -d*s - 50. What are the prime factors of q?
2
Suppose 12*l + 688 = 16*l - 4*b, 3*b - 168 = -l. What are the prime factors of l?
3, 19
Let i(f) = 8*f - 5. Let r be i(5). Let v = -12 + r. List the prime factors of v.
23
Let b(c) = c**3 - 5*c**2 + 2*c - 1. Let a be b(4). Let v = 12 + -17. Let y = v - a. List the prime factors of y.
2
Suppose 3 = 4*y - 5. Let t be (y + 2 + -2)/(-1). What are the prime factors of -1 - 10/(t + 0)?
2
Let t = 63 + -44. List the prime factors of t.
19
Let m(u) = -5*u**2 + 2*u + 10. Let k(a) = 4*a**2 - 2*a - 9. Let v(d) = -6*k(d) - 5*m(d). Let i be (-8)/6*3/1. List the prime factors of v(i).
2, 3
What are the prime factors of 4*2 - 2/2?
7
Let r = -1 - 5. Let q be ((-2)/r)/((-4)/(-24)). Suppose q*w + 34 = 3*l + 6*w, 0 = 4*l + 5*w - 46. What are the prime factors of l?
2, 7
Suppose -4*n + 256 = -0*n. Suppose -4*z - z - 140 = -3*f, -2*f = 4*z - n. What are the prime factors of f?
2, 5
Suppose -d + 19 = -2*x + 4*x, 0 = 5*x - 15. List the prime factors of d.
13
Let p = -73 - -154. What are the prime factors of p?
3
Let n = -2 - -5. Let c = 9 - n. List the prime factors of (-2)/4 - (-39)/c.
2, 3
Let y be (-227)/(-9) - (-4)/(-18). Let i = -17 + y. List the prime factors of i.
2
Let l(f) = 37 + 2*f**2 - 3*f + 0*f + 2*f - 4. List the prime factors of l(0).
3, 11
Let n(h) = 4*h + 3. Let b(k) = 9*k + 5. Let d(p) = -3*b(p) + 7*n(p). Suppose -3*q + 20 = 2*i - 8*q, -5*i + 5*q + 50 = 0. What are the prime factors of d(i)?
2
Let z = -13 - -25. Suppose -3*v = -z - 9. What are the prime factors of v?
7
List the prime factors of ((-6 - -2) + -1)*(-6 - 2).
2, 5
What are the prime factors of (-6)/(-30) + 99/5?
2, 5
Suppose -3*k = -0*k - 9. Suppose -4*d + s = -8 + 3, -5*s - k = 2*d. Suppose y = b - d + 8, -2*b = 5*y - 35. What are the prime factors of y?
7
Let k be (-2)/(-5)*10*-1. Let a be 1112/18 - k/18. Suppose 18 = -4*g + a. What are the prime factors of g?
11
Let g(f) = -f**3 + 7*f**2 + 12*f - 4. Let w be g(8). Let a = w - 18. What are the prime factors of a?
2, 5
Suppose 0 = 3*g + d - 2*d + 14, -14 = 4*g + d. List the prime factors of 2/g*(-42 - 2).
2, 11
Suppose -90 + 14 = -4*t + a, 68 = 4*t - 3*a. List the prime factors of (24/t)/(3/20).
2
Suppose 5 = 3*a - 10. Suppose -a + 15 = 5*h. List the prime factors of h.
2
Suppose 5 - 14 = -3*j. Suppose j + 3 = x. List the prime factors of x.
2, 3
Let x(o) be the third derivative of -5*o**4/6 - o**3/6 - o**2. What are the prime factors of x(-1)?
19
Let r = 4 - 0. Suppose -r*l + l = -6. List the prime factors of l.
2
Suppose -30 = -3*f - 9. What are the prime factors of f?
7
Suppose 3*i + 79 = 2*r, -i - 44 + 250 = 5*r. Suppose -2*d = -5*f + 3*d + 105, 2*f = 3*d + r. Let o = -1 + f. List the prime factors of o.
3, 7
List the prime factors of (-20)/(1*-4*2/116).
2, 5, 29
Let i(b) be the third derivative of -b**5/60 + b**4/6 - b**3/6 - 2*b**2. Let z be i(5). Let o = z + 19. What are the prime factors of o?
13
Suppose 4*q + h = -3, -2*q + h = 2*q - 3. Suppose 0 = -5*c + 10 - q. Suppose c*y + 3 - 25 = 0. What are the prime factors of y?
11
Let k be 25/(1 - (-3 + 3)). Let u be ((-1)/(-1))/((-1)/k). Let w = u - -40. List the prime factors of w.
3, 5
Let d be (3/9)/(2/36). Let v = -4 + d. List the prime factors of v.
2
Suppose 0*o - 3*o = -3*h, -5*o = h. Suppose o*v = -v + 4*q + 4, 4*v + 4*q - 36 = 0. List the prime factors of v.
2
Let v(q) = 2*q - 10. Let d be v(-7). List the prime factors of ((-36)/d)/((-3)/(-62)).
31
List the prime factors of (4 + 4)*43 + 5.
349
Let o(b) = -b + 8. Let y be o(5). Suppose -m - 3*m + 31 = y*j, m + 21 = 5*j. List the prime factors of m.
2
Suppose 2*o = 6, 5*v - 4*v - 3*o = 0. Let u = v + -3. List the prime factors of u.
2, 3
Suppose 0 = 3*s - 157 + 4. What are the prime factors of s?
3, 17
Let b be 6/(-9)*3/2. Let j(n) = 2*n**2 - 2*n - 1. List the prime factors of j(b).
3
Let r(w) be the second derivative of w**3/6 + 9*w**2/2 - 3*w. What are the prime factors of r(0)?
3
Suppose -3*v + 0*v - 4*t = -64, -5*t + 5 = 0. Let x be (-10 - 0)*(-5)/5. Let g = v - x. List the prime factors of g.
2, 5
Let x = 14 - 5. Suppose -4*o + 25 = x. Suppose -o*p - m - 11 = -53, -3*p + 5*m = -43. What are the prime factors of p?
11
Suppose -11 = d + 4. Let v = d + 10. Let q = v + 9. List the prime factors of q.
2
Suppose -2*x + 1110 = x + 5*r, x - 368 = -r. What are the prime factors of x?
5, 73
List the prime factors of (-201)/(-4) + 6/8.
3, 17
Let i(z) be the third derivative of z**4/6 - z**3/6 - 4*z**2. What are the prime factors of i(4)?
3, 5
Suppose -l + 2*k = -9, -5*l + 0*k + k = -27. Suppose -3*r + 125 = l. Suppose -2*b - 4*c + 3*c + 15 = 0, 5*b + 2*c - r = 0. What are the prime factors of b?
2, 5
Suppose 2*b + 3 - 1 = 0. Suppose -6*f = -4*f - 2. What are the prime factors of b + 5 + 0 + f?
5
Let c(l) be the second derivative of -l**5/20 + 5*l**4/6 - 3*l**3/2 + 13*l**2/2 + l. List the prime factors of c(9).
13
Let g = 0 - 1. Let s = -3 - g. Let h(j) = -2*j**3 - 2*j**2 - 3*j. List the prime factors of h(s).
2, 7
Let l(m) = -4*m - 12. Let f be l(-9). Suppose 0 = -6*w + 2*w + f. Suppose 0 = 11*p - w*p - 20. What are the prime factors of p?
2
Suppose 0 = -4*l - 0*j + j + 130, -4 = -2*j. List the prime factors of l.
3, 11
Let c(w) = w**2 - w - 6. Let k = 14 + -20. Let x be c(k). Suppose -3*i - 9 = -v, 4*v - x = -0*i - i. List the prime factors of v.
3
Let w(u) = 13*u - 12. What are the prime factors of w(7)?
79
Suppose 117 = 5*g - 2*g. List the prime factors of g.
3, 13
Let r(k) = 8*k**2 + 2*k + 1. Let l be r(2). Suppose -l = -3*u - 4. What are the prime factors of u?
11
Let b be 2 - (-31 + 0/(-3)). Suppose -w + 4*w = b. What are the prime factors of w?
11
List the prim